{"id":7,"date":"2025-12-22T13:23:26","date_gmt":"2025-12-22T12:23:26","guid":{"rendered":"https:\/\/dricebagy.com\/?page_id=7"},"modified":"2026-02-23T13:21:34","modified_gmt":"2026-02-23T12:21:34","slug":"blog","status":"publish","type":"page","link":"https:\/\/dricebagy.com\/index.php\/accueil\/blog\/","title":{"rendered":"Je passe mon temps \u00e0 cr\u00e9er des trucs"},"content":{"rendered":"\n<p class=\"has-text-align-center\">Vid\u00e9os, podcasts, dessins, stand-up\u2026 je teste tout et je m\u2019amuse.<br>D\u00e9couvrez mes projets et plongez dans mes univers cr\u00e9atifs.<\/p>\n\n\n\n<p class=\"has-text-align-center\"><\/p>\n\n\n\n<div class=\"wp-block-columns is-layout-flex wp-container-core-columns-is-layout-28f84493 wp-block-columns-is-layout-flex\">\n<div class=\"wp-block-column is-vertically-aligned-stretch is-layout-flow wp-block-column-is-layout-flow\"><\/div>\n<\/div>\n\n\n<ul class=\"wp-block-latest-posts__list is-grid columns-3 alignwide wp-block-latest-posts\"><li><div class=\"wp-block-latest-posts__featured-image\"><a href=\"https:\/\/dricebagy.com\/index.php\/2026\/02\/21\/podcast\/\" aria-label=\"Podcast \u2013 \u00c9criture &amp; production sonore\"><img loading=\"lazy\" decoding=\"async\" width=\"500\" height=\"500\" src=\"https:\/\/dricebagy.com\/wp-content\/uploads\/2026\/02\/micro.png\" class=\"attachment-large size-large wp-post-image\" alt=\"\" style=\"\" srcset=\"https:\/\/dricebagy.com\/wp-content\/uploads\/2026\/02\/micro.png 500w, https:\/\/dricebagy.com\/wp-content\/uploads\/2026\/02\/micro-300x300.png 300w, https:\/\/dricebagy.com\/wp-content\/uploads\/2026\/02\/micro-150x150.png 150w\" sizes=\"auto, (max-width: 500px) 100vw, 500px\" \/><\/a><\/div><a class=\"wp-block-latest-posts__post-title\" href=\"https:\/\/dricebagy.com\/index.php\/2026\/02\/21\/podcast\/\">Podcast \u2013 \u00c9criture &amp; production sonore<\/a><\/li>\n<li><div class=\"wp-block-latest-posts__featured-image\"><a href=\"https:\/\/dricebagy.com\/index.php\/2026\/02\/21\/stand-up\/\" aria-label=\"Stand-up \u2013 \u00c9criture &amp; sc\u00e8ne\"><img loading=\"lazy\" decoding=\"async\" width=\"500\" height=\"500\" src=\"https:\/\/dricebagy.com\/wp-content\/uploads\/2026\/02\/standup.jpg\" class=\"attachment-large size-large wp-post-image\" alt=\"\" style=\"\" srcset=\"https:\/\/dricebagy.com\/wp-content\/uploads\/2026\/02\/standup.jpg 500w, https:\/\/dricebagy.com\/wp-content\/uploads\/2026\/02\/standup-300x300.jpg 300w, https:\/\/dricebagy.com\/wp-content\/uploads\/2026\/02\/standup-150x150.jpg 150w\" sizes=\"auto, (max-width: 500px) 100vw, 500px\" \/><\/a><\/div><a class=\"wp-block-latest-posts__post-title\" href=\"https:\/\/dricebagy.com\/index.php\/2026\/02\/21\/stand-up\/\">Stand-up \u2013 \u00c9criture &amp; sc\u00e8ne<\/a><\/li>\n<li><div class=\"wp-block-latest-posts__featured-image\"><a href=\"https:\/\/dricebagy.com\/index.php\/2026\/02\/18\/motivation\/\" aria-label=\"Cr\u00e9er pour se raconter\"><img loading=\"lazy\" decoding=\"async\" width=\"500\" height=\"500\" src=\"https:\/\/dricebagy.com\/wp-content\/uploads\/2026\/02\/motivation.png\" class=\"attachment-large size-large wp-post-image\" alt=\"\" style=\"\" srcset=\"https:\/\/dricebagy.com\/wp-content\/uploads\/2026\/02\/motivation.png 500w, https:\/\/dricebagy.com\/wp-content\/uploads\/2026\/02\/motivation-300x300.png 300w, https:\/\/dricebagy.com\/wp-content\/uploads\/2026\/02\/motivation-150x150.png 150w\" sizes=\"auto, (max-width: 500px) 100vw, 500px\" \/><\/a><\/div><a class=\"wp-block-latest-posts__post-title\" href=\"https:\/\/dricebagy.com\/index.php\/2026\/02\/18\/motivation\/\">Cr\u00e9er pour se raconter<\/a><\/li>\n<li><div class=\"wp-block-latest-posts__featured-image\"><a href=\"https:\/\/dricebagy.com\/index.php\/2026\/02\/18\/je-dessine\/\" aria-label=\"Dessin \u2013 Quand mes blagues prennent forme\"><img loading=\"lazy\" decoding=\"async\" width=\"500\" height=\"500\" src=\"https:\/\/dricebagy.com\/wp-content\/uploads\/2026\/02\/dessin.png\" class=\"attachment-large size-large wp-post-image\" alt=\"\" style=\"\" srcset=\"https:\/\/dricebagy.com\/wp-content\/uploads\/2026\/02\/dessin.png 500w, https:\/\/dricebagy.com\/wp-content\/uploads\/2026\/02\/dessin-300x300.png 300w, https:\/\/dricebagy.com\/wp-content\/uploads\/2026\/02\/dessin-150x150.png 150w\" sizes=\"auto, (max-width: 500px) 100vw, 500px\" \/><\/a><\/div><a class=\"wp-block-latest-posts__post-title\" href=\"https:\/\/dricebagy.com\/index.php\/2026\/02\/18\/je-dessine\/\">Dessin \u2013 Quand mes blagues prennent forme<\/a><\/li>\n<li><div class=\"wp-block-latest-posts__featured-image\"><a href=\"https:\/\/dricebagy.com\/index.php\/2026\/02\/01\/huggin\/\" aria-label=\"Huggin Music \u2013 Cr\u00e9er et construire ensemble\"><img loading=\"lazy\" decoding=\"async\" width=\"500\" height=\"500\" src=\"https:\/\/dricebagy.com\/wp-content\/uploads\/2026\/02\/huggin.png\" class=\"attachment-large size-large wp-post-image\" alt=\"\" style=\"\" srcset=\"https:\/\/dricebagy.com\/wp-content\/uploads\/2026\/02\/huggin.png 500w, https:\/\/dricebagy.com\/wp-content\/uploads\/2026\/02\/huggin-300x300.png 300w, https:\/\/dricebagy.com\/wp-content\/uploads\/2026\/02\/huggin-150x150.png 150w\" sizes=\"auto, (max-width: 500px) 100vw, 500px\" \/><\/a><\/div><a class=\"wp-block-latest-posts__post-title\" href=\"https:\/\/dricebagy.com\/index.php\/2026\/02\/01\/huggin\/\">Huggin Music \u2013 Cr\u00e9er et construire ensemble<\/a><\/li>\n<li><div class=\"wp-block-latest-posts__featured-image\"><a href=\"https:\/\/dricebagy.com\/index.php\/2026\/02\/01\/87\/\" aria-label=\"levraidrice \u2013 Cr\u00e9er, exp\u00e9rimenter et comprendre sur r\u00e9seaux sociaux\"><img loading=\"lazy\" decoding=\"async\" width=\"500\" height=\"500\" src=\"https:\/\/dricebagy.com\/wp-content\/uploads\/2026\/02\/tiktok.png\" class=\"attachment-large size-large wp-post-image\" alt=\"\" style=\"\" srcset=\"https:\/\/dricebagy.com\/wp-content\/uploads\/2026\/02\/tiktok.png 500w, https:\/\/dricebagy.com\/wp-content\/uploads\/2026\/02\/tiktok-300x300.png 300w, https:\/\/dricebagy.com\/wp-content\/uploads\/2026\/02\/tiktok-150x150.png 150w\" sizes=\"auto, (max-width: 500px) 100vw, 500px\" \/><\/a><\/div><a class=\"wp-block-latest-posts__post-title\" href=\"https:\/\/dricebagy.com\/index.php\/2026\/02\/01\/87\/\">levraidrice \u2013 Cr\u00e9er, exp\u00e9rimenter et comprendre sur r\u00e9seaux sociaux<\/a><\/li>\n<li><div class=\"wp-block-latest-posts__featured-image\"><a href=\"https:\/\/dricebagy.com\/index.php\/2026\/02\/01\/master-europe\/\" aria-label=\"De l\u2019id\u00e9e \u00e0 la publication : guider les \u00e9tudiants sur WordPress\"><img loading=\"lazy\" decoding=\"async\" width=\"500\" height=\"500\" src=\"https:\/\/dricebagy.com\/wp-content\/uploads\/2026\/02\/ME.png\" class=\"attachment-large size-large wp-post-image\" alt=\"\" style=\"\" srcset=\"https:\/\/dricebagy.com\/wp-content\/uploads\/2026\/02\/ME.png 500w, https:\/\/dricebagy.com\/wp-content\/uploads\/2026\/02\/ME-300x300.png 300w, https:\/\/dricebagy.com\/wp-content\/uploads\/2026\/02\/ME-150x150.png 150w\" sizes=\"auto, (max-width: 500px) 100vw, 500px\" \/><\/a><\/div><a class=\"wp-block-latest-posts__post-title\" href=\"https:\/\/dricebagy.com\/index.php\/2026\/02\/01\/master-europe\/\">De l\u2019id\u00e9e \u00e0 la publication : guider les \u00e9tudiants sur WordPress<\/a><\/li>\n<li><div class=\"wp-block-latest-posts__featured-image\"><a href=\"https:\/\/dricebagy.com\/index.php\/2026\/01\/29\/article-222\/\" aria-label=\"Avant 30 ans, mon premier podcast\"><img loading=\"lazy\" decoding=\"async\" width=\"500\" height=\"500\" src=\"https:\/\/dricebagy.com\/wp-content\/uploads\/2026\/01\/A30.png\" class=\"attachment-large size-large wp-post-image\" alt=\"\" style=\"\" srcset=\"https:\/\/dricebagy.com\/wp-content\/uploads\/2026\/01\/A30.png 500w, https:\/\/dricebagy.com\/wp-content\/uploads\/2026\/01\/A30-300x300.png 300w, https:\/\/dricebagy.com\/wp-content\/uploads\/2026\/01\/A30-150x150.png 150w\" sizes=\"auto, (max-width: 500px) 100vw, 500px\" \/><\/a><\/div><a class=\"wp-block-latest-posts__post-title\" href=\"https:\/\/dricebagy.com\/index.php\/2026\/01\/29\/article-222\/\">Avant 30 ans, mon premier podcast<\/a><\/li>\n<li><div class=\"wp-block-latest-posts__featured-image\"><a href=\"https:\/\/dricebagy.com\/index.php\/2025\/12\/21\/bonjour-tout-le-monde\/\" aria-label=\"Une sacr\u00e9e ann\u00e9e 2025 Capturer les souvenirs en vid\u00e9o\"><img loading=\"lazy\" decoding=\"async\" width=\"500\" height=\"500\" src=\"https:\/\/dricebagy.com\/wp-content\/uploads\/2025\/12\/2025.png\" class=\"attachment-large size-large wp-post-image\" alt=\"\" style=\"\" srcset=\"https:\/\/dricebagy.com\/wp-content\/uploads\/2025\/12\/2025.png 500w, https:\/\/dricebagy.com\/wp-content\/uploads\/2025\/12\/2025-300x300.png 300w, https:\/\/dricebagy.com\/wp-content\/uploads\/2025\/12\/2025-150x150.png 150w\" sizes=\"auto, (max-width: 500px) 100vw, 500px\" \/><\/a><\/div><a class=\"wp-block-latest-posts__post-title\" href=\"https:\/\/dricebagy.com\/index.php\/2025\/12\/21\/bonjour-tout-le-monde\/\">Une sacr\u00e9e ann\u00e9e 2025 Capturer les souvenirs en vid\u00e9o<\/a><\/li>\n<\/ul>\n\n\n<p><\/p>\n","protected":false},"excerpt":{"rendered":"<p>Vid\u00e9os, podcasts, dessins, stand-up\u2026 je teste tout et je m\u2019amuse.D\u00e9couvrez mes projets et plongez dans mes univers cr\u00e9atifs.<\/p>\n","protected":false},"author":1,"featured_media":0,"parent":6,"menu_order":0,"comment_status":"closed","ping_status":"closed","template":"","meta":{"footnotes":""},"class_list":["post-7","page","type-page","status-publish","hentry"],"_links":{"self":[{"href":"https:\/\/dricebagy.com\/index.php\/wp-json\/wp\/v2\/pages\/7","targetHints":{"allow":["GET"]}}],"collection":[{"href":"https:\/\/dricebagy.com\/index.php\/wp-json\/wp\/v2\/pages"}],"about":[{"href":"https:\/\/dricebagy.com\/index.php\/wp-json\/wp\/v2\/types\/page"}],"author":[{"embeddable":true,"href":"https:\/\/dricebagy.com\/index.php\/wp-json\/wp\/v2\/users\/1"}],"replies":[{"embeddable":true,"href":"https:\/\/dricebagy.com\/index.php\/wp-json\/wp\/v2\/comments?post=7"}],"version-history":[{"count":17,"href":"https:\/\/dricebagy.com\/index.php\/wp-json\/wp\/v2\/pages\/7\/revisions"}],"predecessor-version":[{"id":269,"href":"https:\/\/dricebagy.com\/index.php\/wp-json\/wp\/v2\/pages\/7\/revisions\/269"}],"up":[{"embeddable":true,"href":"https:\/\/dricebagy.com\/index.php\/wp-json\/wp\/v2\/pages\/6"}],"wp:attachment":[{"href":"https:\/\/dricebagy.com\/index.php\/wp-json\/wp\/v2\/media?parent=7"}],"curies":[{"name":"wp","href":"https:\/\/api.w.org\/{rel}","templated":true}]}}